-1333222
In base 7, what is 4451 - 16514?
-12033
In base 16, what is 1 + -65e2?
-65e1
In base 8, what is -4 + 1024515?
1024511
In base 7, what is 1364 - 62?
1302
In base 2, what is 0 + -111011011?
-111011011
In base 8, what is -14224 + -3?
-14227
In base 15, what is 39 - -1185?
11be
In base 16, what is -31320 + 3?
-3131d
In base 10, what is -63017 - -4?
-63013
In base 3, what is 1100 - 1001020010?
-1001011210
In base 13, what is b4a - 56b?
5ac
In base 15, what is -1b108 + c?
-1b0eb
In base 8, what is 3673 - -15?
3710
In base 16, what is 29 - d868?
-d83f
In base 16, what is -3 - 125a3?
-125a6
In base 9, what is -686 - 28?
-725
In base 8, what is 517562 - 0?
517562
In base 4, what is 301 + 12300032?
12300333
In base 11, what is a + 119a2?
11a01
In base 16, what is d - 138b9?
-138ac
In base 6, what is 10052 - 32?
10020
In base 9, what is -6273 + 21?
-6252
In base 12, what is 639b - -6?
63a5
In base 13, what is b040 - -24?
b064
In base 12, what is -1220 + -25?
-1245
In base 13, what is 27b7b9 - 3?
27b7b6
In base 3, what is 11 - -11000000?
11000011
In base 9, what is -34 - -22710?
22665
In base 7, what is -3021616 - -2?
-3021614
In base 2, what is 0 - 10001110100111101?
-10001110100111101
In base 6, what is 4034223 + 0?
4034223
In base 5, what is -22212224 - 1?
-22212230
In base 9, what is 43005 + 5?
43011
In base 13, what is 2b + -5b87?
-5b59
In base 16, what is -17bf - -3?
-17bc
In base 7, what is 62 - 635?
-543
In base 12, what is -6b1 - 33?
-724
In base 16, what is -b526 + -27?
-b54d
In base 11, what is -439 + 1625?
1197
In base 11, what is -23a - -1102?
973
In base 14, what is -397 - 117?
-4b0
In base 13, what is 10724 + 1?
10725
In base 8, what is 344653 + -7?
344644
In base 7, what is 4204411 + -3?
4204405
In base 4, what is -1310 + -10021120?
-10023030
In base 3, what is -12 - 1002111011121?
-1002111011210
In base 16, what is -2c52f + 5?
-2c52a
In base 15, what is -5c099 - -5?
-5c094
In base 10, what is -670 + 23?
-647
In base 13, what is 1032 + 2?
1034
In base 16, what is -bae9 + 4?
-bae5
In base 4, what is -3 + -120102223?
-120102232
In base 4, what is 1122 + 21020?
22202
In base 5, what is -404 - -2144?
1240
In base 5, what is 413000 + 0?
413000
In base 13, what is -4 - -1247?
1243
In base 3, what is -1000021021 + -120?
-1000021211
In base 8, what is -2 - 25264?
-25266
In base 14, what is -145a + -5bd?
-1a39
In base 9, what is 304623 + -3?
304620
In base 6, what is -5022000 - -3?
-5021553
In base 5, what is 10 - -213001111?
213001121
In base 3, what is -2011010121101 + 0?
-2011010121101
In base 12, what is 1 - 82676?
-82675
In base 7, what is 53111 - -263?
53404
In base 13, what is -35b0 + 5?
-35a8
In base 9, what is 2 - 41152?
-41150
In base 13, what is -1bb93 + -a?
-1bba0
In base 15, what is -1914a - -3?
-19147
In base 3, what is -22222111022 + 2?
-22222111020
In base 10, what is 3 - -113444?
113447
In base 11, what is 10a10 - -11?
10a21
In base 14, what is 286b + -28?
2843
In base 9, what is -750 + 314?
-435
In base 16, what is 34 - -109?
13d
In base 9, what is -22488 - -1?
-22487
In base 6, what is -15414252 - -1?
-15414251
In base 13, what is -461 + -a8?
-539
In base 15, what is 34 - -a04?
a38
In base 9, what is -1 + 258864?
258863
In base 13, what is -4 - -b1c1?
b1ba
In base 2, what is -10101010101 + -101110101?
-11011001010
In base 9, what is 107 + 4105?
4213
In base 16, what is -25f + -39?
-298
In base 14, what is -2 + -10d86?
-10d88
In base 7, what is 64043 - 326?
63414
In base 11, what is -2 - 201346?
-201348
In base 15, what is 129 + -284?
-15a
In base 3, what is 1020012020121 + -1?
1020012020120
In base 6, what is -15133 - 152?
-15325
In base 12, what is 20 + -10538?
-10518
In base 7, what is -13652 - -3?
-13646
In base 9, what is -12648 + 2?
-12646
In base 4, what is 10332 - -123002?
200000
In base 3, what is -2 - 10010101012?
-10010101021
In base 11, what is 0 + -275145?
-275145
In base 15, what is -4 - -10d91?
10d8c
In base 9, what is 37 + -181?
-143
In base 3, what is 210221 - -202220?
1120211
In base 13, what is -1680a + 5?
-16805
In base 15, what is 4eea - 8?
4ee2
In base 4, what is -112032111 + -2?
-112032113
In base 3, what is 12110 - 210202?
-121022
In base 7, what is 4 + -2225?
-2221
In base 12, what is -2804 + 1?
-2803
In base 4, what is 1130120 + 2321?
1133101
In base 13, what is -1 - -132b1b?
132b1a
In base 11, what is -681 + 1?
-680
In base 11, what is 9 - -2748?
2756
In base 7, what is 46 + -203?
-124
In base 9, what is 5 + -10458?
-10453
In base 2, what is 110110110011010001010 - 1?
110110110011010001001
In base 6, what is -2 + -10555?
-11001
In base 16, what is d1a + -2?
d18
In base 3, what is 10200110002 + -101?
10200102201
In base 16, what is -4c29 - -3?
-4c26
In base 6, what is -12 - 5301?
-5313
In base 5, what is -1341210 + -22?
-1341232
In base 14, what is 1209 - 16?
11d3
In base 10, what is 541 - 6?
535
In base 16, what is -26 + 55e?
538
In base 16, what is 0 + 21ff?
21ff
In base 7, what is 5441 - 410?
5031
In base 9, what is -3 + -151158?
-151162
In base 9, what is -403 + -110?
-513
In base 9, what is -24180 - 25?
-24215
In base 15, what is 55ba - 3?
55b7
In base 16, what is d4f8 - 3?
d4f5
In base 10, what is -3 - 84368?
-84371
In base 3, what is -110 - 122112?
-122222
In base 9, what is -1668112 + 3?
-1668108
In base 9, what is -18710 + -4?
-18714
In base 6, what is 1025131 + 3?
1025134
In base 15, what is -160d9a - 0?
-160d9a
In base 4, what is 20 - 11311?
-11231
In base 7, what is -1004 - 1626?
-2633
In base 15, what is -42 + 155a?
1518
In base 8, what is -711 + 1?
-710
In base 4, what is 32011331 - 12?
32011313
In base 3, what is -1 + 11201122?
11201121
In base 13, what is -21 + 42b?
40a
In base 7, what is -53 + 320426?
320343
In base 16, what is 2 - 81960?
-8195e
In base 8, what is -314156 - 26?
-314204
In base 16, what is -5 + -70d7?
-70dc
In base 14, what is -4 - 19d2?
-19d6
In base 3, what is 110121102200 - 0?
110121102200
In base 16, what is 1750 + 15?
1765
In base 9, what is 4 - -11180?
11184
In base 4, what is -2 - 30103212?
-30103220
In base 2, what is 10101101010110001 + 101?
10101101010110110
In base 11, what is -333 + -819?
-1051
In base 14, what is 25c + 4686?
4904
In base 11, what is -78a04 + 8?
-789a7
In base 13, what is -2b + -2038?
-2066
In base 16, what is 55 - -77?
cc
In base 13, what is 4713b7 + 5?
4713bc
In base 6, what is -3 + -145543?
-145550
In base 2, what is -1001000 + 10001000?
1000000
In base 7, what is -11224 - -61?
-11133
In base 7, what is -642441 + -1?
-642442
In base 2, what is -1001101010 - 110011110?
-10000001000
In base 10, what is 914 + -216?
698
In base 13, what is 35bb54 - -5?
35bb59
In base 11, what is -17a876 + -1a?
-17a895
In base 10, what is 223 + -4440?
-4217
In base 7, what is -1 + -25464?
-25465
In base 15, what is 209d - -a?
20a8
In base 14, what is -55811 - 0?
-55811
In base 7, what is -142 - 2?
-144
In base 8, what is -3 - -33164?
33161
In base 8, what is 3372 - 3?
3367
In base 11, what is -a1287 - 1?
-a1288
In base 13, what is -239 - 37c?
-5b8
In base 7, what is -11 - -4303?
4262
In base 9, what is -18 - -386714?
386685
In base 2, what is 101101001100011 + 10?
101101001100101
In base 3, what is -100102202101 + -12?
-100102202120
In base 2, what is 0 + 1001111011111?
1001111011111
In base 13, what is -bcb99 - 4?
-bcba0
In base 5, what is -10 - -104103?
104043
In base 9, what is -5 + -5057?
-5063
In base 10, what is 0 + 27438?
27438
In base 10, what is -3 - 63057?
-63060
In base 12, what is 2b30a - -43?
2b351
In base 5, what is 31330 + 22?
31402
In base 8, what is -171 + 643?
452
In base 2, what is -1110011000 + 11000110000?
1010011000
In base 4, what is 132 + -111?
21
In base 13, what is 13 + -c020?
-c00a
In base 12, what is 1520 - 234?
12a8
In base 15, what is 1c139 + 5?
1c13e
In base 14, what is a - -4c34?
4c40
In base 2, what is -1010000001101 - 0?
-1010000001101
In base 5, what is -304203 - -30?
-304123
In base 4, what is -11 + -2322233?
-2322310
In base 12, what is -4a8 + 289?
-21b
In base 12, what is 4551 - -296?
4827
In base 15, what is 1 - 3dc28?
-3dc27
In base 6, what is -3 - 415332?
-415335
In base 9, what is 3700 - -103?
3803
In base 10, what is -10948 + 2?
-10946
In base 12, what is -117 - 19?
-134
In base 4, what is -1213110210 + 3?
